{"id":421,"date":"2019-02-08T21:23:36","date_gmt":"2019-02-08T20:23:36","guid":{"rendered":"http:\/\/zalesie.archidiecezja.wroc.pl\/?page_id=421"},"modified":"2019-02-08T21:32:54","modified_gmt":"2019-02-08T20:32:54","slug":"chor-cantus-gaudium","status":"publish","type":"page","link":"http:\/\/zalesie.archidiecezja.wroc.pl\/?page_id=421","title":{"rendered":"Ch\u00f3r Cantus Gaudium"},"content":{"rendered":"<p style=\"text-align: center;\">Parafialny. Akademicki. Post-akademicki.<\/p>\n<p style=\"text-align: center;\">Ch\u00f3r Cantus Gaudium dzia\u0142a od o 2017 roku.<\/p>\n<p style=\"text-align: center;\">Pocz\u0105tkowa grupa muzycznych pasjonat\u00f3w przekszta\u0142ci\u0142a si\u0119 w spory ch\u00f3r kameralny.<\/p>\n<p style=\"text-align: center;\">Wci\u0105\u017c poszukujemy nowych g\u0142os\u00f3w!<\/p>\n<p style=\"text-align: center;\">Spotykamy si\u0119 w <strong>\u015brody<\/strong> o godz. <strong>19.00<\/strong> w salce na plebanii.<\/p>\n<p style=\"text-align: center;\"><img loading=\"lazy\" class=\"wp-image-422 size-large aligncenter\" src=\"http:\/\/zalesie.archidiecezja.wroc.pl\/wp-content\/uploads\/2019\/02\/bcbebabd-fa29-45f4-8559-382be8e81a34-1024x768.jpg\" alt=\"\" width=\"660\" height=\"495\" srcset=\"http:\/\/zalesie.archidiecezja.wroc.pl\/wp-content\/uploads\/2019\/02\/bcbebabd-fa29-45f4-8559-382be8e81a34-1024x768.jpg 1024w, http:\/\/zalesie.archidiecezja.wroc.pl\/wp-content\/uploads\/2019\/02\/bcbebabd-fa29-45f4-8559-382be8e81a34-300x225.jpg 300w, http:\/\/zalesie.archidiecezja.wroc.pl\/wp-content\/uploads\/2019\/02\/bcbebabd-fa29-45f4-8559-382be8e81a34-768x576.jpg 768w, http:\/\/zalesie.archidiecezja.wroc.pl\/wp-content\/uploads\/2019\/02\/bcbebabd-fa29-45f4-8559-382be8e81a34.jpg 1600w\" sizes=\"(max-width: 660px) 100vw, 660px\" \/><\/p>\n","protected":false},"excerpt":{"rendered":"<p>Parafialny. Akademicki. Post-akademicki. Ch\u00f3r Cantus Gaudium dzia\u0142a od o 2017 roku. Pocz\u0105tkowa grupa muzycznych pasjonat\u00f3w przekszta\u0142ci\u0142a si\u0119 w spory ch\u00f3r kameralny. Wci\u0105\u017c poszukujemy nowych g\u0142os\u00f3w! Spotykamy si\u0119 w \u015brody o godz. 19.00 w salce na plebanii.<\/p>\n","protected":false},"author":1,"featured_media":0,"parent":206,"menu_order":0,"comment_status":"closed","ping_status":"closed","template":"","meta":[],"_links":{"self":[{"href":"http:\/\/zalesie.archidiecezja.wroc.pl\/index.php?rest_route=\/wp\/v2\/pages\/421"}],"collection":[{"href":"http:\/\/zalesie.archidiecezja.wroc.pl\/index.php?rest_route=\/wp\/v2\/pages"}],"about":[{"href":"http:\/\/zalesie.archidiecezja.wroc.pl\/index.php?rest_route=\/wp\/v2\/types\/page"}],"author":[{"embeddable":true,"href":"http:\/\/zalesie.archidiecezja.wroc.pl\/index.php?rest_route=\/wp\/v2\/users\/1"}],"replies":[{"embeddable":true,"href":"http:\/\/zalesie.archidiecezja.wroc.pl\/index.php?rest_route=%2Fwp%2Fv2%2Fcomments&post=421"}],"version-history":[{"count":3,"href":"http:\/\/zalesie.archidiecezja.wroc.pl\/index.php?rest_route=\/wp\/v2\/pages\/421\/revisions"}],"predecessor-version":[{"id":429,"href":"http:\/\/zalesie.archidiecezja.wroc.pl\/index.php?rest_route=\/wp\/v2\/pages\/421\/revisions\/429"}],"up":[{"embeddable":true,"href":"http:\/\/zalesie.archidiecezja.wroc.pl\/index.php?rest_route=\/wp\/v2\/pages\/206"}],"wp:attachment":[{"href":"http:\/\/zalesie.archidiecezja.wroc.pl\/index.php?rest_route=%2Fwp%2Fv2%2Fmedia&parent=421"}],"curies":[{"name":"wp","href":"https:\/\/api.w.org\/{rel}","templated":true}]}}

Chór Cantus Gaudium

<p style="text-align: center;">Parafialny. Akademicki. Post-akademicki.</p>
<p style="text-align: center;">Chór Cantus Gaudium działa od o 2017 roku.</p>
<p style="text-align: center;">Początkowa grupa muzycznych pasjonatów przekształciła się w spory chór kameralny.</p>
<p style="text-align: center;">Wciąż poszukujemy nowych głosów!</p>
<p style="text-align: center;">Spotykamy się w <strong>środy</strong> o godz. <strong>19.00</strong> w salce na plebanii.</p>
<p style="text-align: center;"><img loading="lazy" class="wp-image-422 size-large aligncenter" src="http://zalesie.archidiecezja.wroc.pl/wp-content/uploads/2019/02/bcbebabd-fa29-45f4-8559-382be8e81a34-1024x768.jpg" alt="" width="660" height="495" srcset="http://zalesie.archidiecezja.wroc.pl/wp-content/uploads/2019/02/bcbebabd-fa29-45f4-8559-382be8e81a34-1024x768.jpg 1024w, http://zalesie.archidiecezja.wroc.pl/wp-content/uploads/2019/02/bcbebabd-fa29-45f4-8559-382be8e81a34-300x225.jpg 300w, http://zalesie.archidiecezja.wroc.pl/wp-content/uploads/2019/02/bcbebabd-fa29-45f4-8559-382be8e81a34-768x576.jpg 768w, http://zalesie.archidiecezja.wroc.pl/wp-content/uploads/2019/02/bcbebabd-fa29-45f4-8559-382be8e81a34.jpg 1600w" sizes="(max-width: 660px) 100vw, 660px" /></p>

<p>Parafialny. Akademicki. Post-akademicki. Chór Cantus Gaudium działa od o 2017 roku. Początkowa grupa muzycznych pasjonatów przekształciła się w spory chór kameralny. Wciąż poszukujemy nowych głosów! Spotykamy się w środy o godz. 19.00 w salce na plebanii.</p>
