{"id":1544,"date":"2024-10-22T12:10:06","date_gmt":"2024-10-22T10:10:06","guid":{"rendered":"http:\/\/zalesie.archidiecezja.wroc.pl\/?page_id=1544"},"modified":"2024-10-22T12:24:28","modified_gmt":"2024-10-22T10:24:28","slug":"remont-witrazy","status":"publish","type":"page","link":"http:\/\/zalesie.archidiecezja.wroc.pl\/?page_id=1544","title":{"rendered":"Monta\u017c witra\u017cy"},"content":{"rendered":"\n<p>Zdj\u0119cia z monta\u017cu witra\u017cy.<\/p>\n\n\n\n<figure class=\"wp-block-image size-large\"><img loading=\"lazy\" width=\"1024\" height=\"768\" src=\"http:\/\/zalesie.archidiecezja.wroc.pl\/wp-content\/uploads\/2024\/10\/witraz_1-1024x768.jpg\" alt=\"\" class=\"wp-image-1551\" srcset=\"http:\/\/zalesie.archidiecezja.wroc.pl\/wp-content\/uploads\/2024\/10\/witraz_1-1024x768.jpg 1024w, http:\/\/zalesie.archidiecezja.wroc.pl\/wp-content\/uploads\/2024\/10\/witraz_1-300x225.jpg 300w, http:\/\/zalesie.archidiecezja.wroc.pl\/wp-content\/uploads\/2024\/10\/witraz_1-768x576.jpg 768w, http:\/\/zalesie.archidiecezja.wroc.pl\/wp-content\/uploads\/2024\/10\/witraz_1-1536x1152.jpg 1536w, http:\/\/zalesie.archidiecezja.wroc.pl\/wp-content\/uploads\/2024\/10\/witraz_1.jpg 2040w\" sizes=\"(max-width: 1024px) 100vw, 1024px\" \/><\/figure>\n\n\n\n<figure class=\"wp-block-image size-large\"><img loading=\"lazy\" width=\"1024\" height=\"768\" src=\"http:\/\/zalesie.archidiecezja.wroc.pl\/wp-content\/uploads\/2024\/10\/witraz_2-1024x768.jpg\" alt=\"\" class=\"wp-image-1552\" srcset=\"http:\/\/zalesie.archidiecezja.wroc.pl\/wp-content\/uploads\/2024\/10\/witraz_2-1024x768.jpg 1024w, http:\/\/zalesie.archidiecezja.wroc.pl\/wp-content\/uploads\/2024\/10\/witraz_2-300x225.jpg 300w, http:\/\/zalesie.archidiecezja.wroc.pl\/wp-content\/uploads\/2024\/10\/witraz_2-768x576.jpg 768w, http:\/\/zalesie.archidiecezja.wroc.pl\/wp-content\/uploads\/2024\/10\/witraz_2-1536x1152.jpg 1536w, http:\/\/zalesie.archidiecezja.wroc.pl\/wp-content\/uploads\/2024\/10\/witraz_2.jpg 2040w\" sizes=\"(max-width: 1024px) 100vw, 1024px\" \/><\/figure>\n","protected":false},"excerpt":{"rendered":"<p>Zdj\u0119cia z monta\u017cu witra\u017cy.<\/p>\n","protected":false},"author":1,"featured_media":0,"parent":0,"menu_order":0,"comment_status":"closed","ping_status":"closed","template":"","meta":[],"_links":{"self":[{"href":"http:\/\/zalesie.archidiecezja.wroc.pl\/index.php?rest_route=\/wp\/v2\/pages\/1544"}],"collection":[{"href":"http:\/\/zalesie.archidiecezja.wroc.pl\/index.php?rest_route=\/wp\/v2\/pages"}],"about":[{"href":"http:\/\/zalesie.archidiecezja.wroc.pl\/index.php?rest_route=\/wp\/v2\/types\/page"}],"author":[{"embeddable":true,"href":"http:\/\/zalesie.archidiecezja.wroc.pl\/index.php?rest_route=\/wp\/v2\/users\/1"}],"replies":[{"embeddable":true,"href":"http:\/\/zalesie.archidiecezja.wroc.pl\/index.php?rest_route=%2Fwp%2Fv2%2Fcomments&post=1544"}],"version-history":[{"count":3,"href":"http:\/\/zalesie.archidiecezja.wroc.pl\/index.php?rest_route=\/wp\/v2\/pages\/1544\/revisions"}],"predecessor-version":[{"id":1558,"href":"http:\/\/zalesie.archidiecezja.wroc.pl\/index.php?rest_route=\/wp\/v2\/pages\/1544\/revisions\/1558"}],"wp:attachment":[{"href":"http:\/\/zalesie.archidiecezja.wroc.pl\/index.php?rest_route=%2Fwp%2Fv2%2Fmedia&parent=1544"}],"curies":[{"name":"wp","href":"https:\/\/api.w.org\/{rel}","templated":true}]}}

Montaż witraży

<p>Zdjęcia z montażu witraży.</p>



<figure class="wp-block-image size-large"><img loading="lazy" width="1024" height="768" src="http://zalesie.archidiecezja.wroc.pl/wp-content/uploads/2024/10/witraz_1-1024x768.jpg" alt="" class="wp-image-1551" srcset="http://zalesie.archidiecezja.wroc.pl/wp-content/uploads/2024/10/witraz_1-1024x768.jpg 1024w, http://zalesie.archidiecezja.wroc.pl/wp-content/uploads/2024/10/witraz_1-300x225.jpg 300w, http://zalesie.archidiecezja.wroc.pl/wp-content/uploads/2024/10/witraz_1-768x576.jpg 768w, http://zalesie.archidiecezja.wroc.pl/wp-content/uploads/2024/10/witraz_1-1536x1152.jpg 1536w, http://zalesie.archidiecezja.wroc.pl/wp-content/uploads/2024/10/witraz_1.jpg 2040w" sizes="(max-width: 1024px) 100vw, 1024px" /></figure>



<figure class="wp-block-image size-large"><img loading="lazy" width="1024" height="768" src="http://zalesie.archidiecezja.wroc.pl/wp-content/uploads/2024/10/witraz_2-1024x768.jpg" alt="" class="wp-image-1552" srcset="http://zalesie.archidiecezja.wroc.pl/wp-content/uploads/2024/10/witraz_2-1024x768.jpg 1024w, http://zalesie.archidiecezja.wroc.pl/wp-content/uploads/2024/10/witraz_2-300x225.jpg 300w, http://zalesie.archidiecezja.wroc.pl/wp-content/uploads/2024/10/witraz_2-768x576.jpg 768w, http://zalesie.archidiecezja.wroc.pl/wp-content/uploads/2024/10/witraz_2-1536x1152.jpg 1536w, http://zalesie.archidiecezja.wroc.pl/wp-content/uploads/2024/10/witraz_2.jpg 2040w" sizes="(max-width: 1024px) 100vw, 1024px" /></figure>

<p>Zdjęcia z montażu witraży.</p>
