{"id":1488,"date":"2024-09-22T21:07:20","date_gmt":"2024-09-22T19:07:20","guid":{"rendered":"http:\/\/zalesie.archidiecezja.wroc.pl\/?page_id=1488"},"modified":"2024-09-22T21:42:34","modified_gmt":"2024-09-22T19:42:34","slug":"es","status":"publish","type":"page","link":"http:\/\/zalesie.archidiecezja.wroc.pl\/?page_id=1488","title":{"rendered":"Pastoral de los cat\u00f3licos hispanohablantes"},"content":{"rendered":"\n<p>Las misas en castellano se celebran el segundo y el cuarto domingo del mes (desde septiembre hasta junio) a las 16.00 h en la iglesia parroquial de Nuestra Se\u00f1ora de Cz\u0119stochowa en la calle Kochanowskiego 11.<\/p>\n\n\n\n<p>Capell\u00e1n diocesano de los cat\u00f3licos hispanohablantes<br>padre \u0141ukasz Pawicki<br>e-mail: <a href=\"mailto:lukasz.pawicki@gmail.com\">lukasz.pawicki@gmail.com<\/a><br>tel. 71\/348-27-76<\/p>\n\n\n\n<p><a href=\"https:\/\/es.archidiecezja.wroc.pl\">https:\/\/es.archidiecezja.wroc.pl<\/a><\/p>\n\n\n\n<figure class=\"wp-block-gallery columns-1 is-cropped\"><ul class=\"blocks-gallery-grid\"><li class=\"blocks-gallery-item\"><figure><img loading=\"lazy\" width=\"1024\" height=\"768\" src=\"http:\/\/zalesie.archidiecezja.wroc.pl\/wp-content\/uploads\/2024\/09\/WhatsApp-Image-2024-09-22-at-21.22.42-1024x768.jpeg\" alt=\"\" data-id=\"1494\" data-full-url=\"http:\/\/zalesie.archidiecezja.wroc.pl\/wp-content\/uploads\/2024\/09\/WhatsApp-Image-2024-09-22-at-21.22.42.jpeg\" data-link=\"http:\/\/zalesie.archidiecezja.wroc.pl\/?attachment_id=1494\" class=\"wp-image-1494\" srcset=\"http:\/\/zalesie.archidiecezja.wroc.pl\/wp-content\/uploads\/2024\/09\/WhatsApp-Image-2024-09-22-at-21.22.42-1024x768.jpeg 1024w, http:\/\/zalesie.archidiecezja.wroc.pl\/wp-content\/uploads\/2024\/09\/WhatsApp-Image-2024-09-22-at-21.22.42-300x225.jpeg 300w, http:\/\/zalesie.archidiecezja.wroc.pl\/wp-content\/uploads\/2024\/09\/WhatsApp-Image-2024-09-22-at-21.22.42-768x576.jpeg 768w, http:\/\/zalesie.archidiecezja.wroc.pl\/wp-content\/uploads\/2024\/09\/WhatsApp-Image-2024-09-22-at-21.22.42-1536x1152.jpeg 1536w, http:\/\/zalesie.archidiecezja.wroc.pl\/wp-content\/uploads\/2024\/09\/WhatsApp-Image-2024-09-22-at-21.22.42.jpeg 1600w\" sizes=\"(max-width: 1024px) 100vw, 1024px\" \/><\/figure><\/li><\/ul><\/figure>\n","protected":false},"excerpt":{"rendered":"<p>Las misas en castellano se celebran el segundo y el cuarto domingo del mes (desde septiembre hasta junio) a las 16.00 h en la iglesia parroquial de Nuestra Se\u00f1ora de Cz\u0119stochowa en la calle Kochanowskiego 11. Capell\u00e1n diocesano de los cat\u00f3licos hispanohablantespadre \u0141ukasz Pawickie-mail: lukasz.pawicki@gmail.comtel. 71\/348-27-76 https:\/\/es.archidiecezja.wroc.pl<\/p>\n","protected":false},"author":1,"featured_media":0,"parent":0,"menu_order":0,"comment_status":"closed","ping_status":"closed","template":"","meta":[],"_links":{"self":[{"href":"http:\/\/zalesie.archidiecezja.wroc.pl\/index.php?rest_route=\/wp\/v2\/pages\/1488"}],"collection":[{"href":"http:\/\/zalesie.archidiecezja.wroc.pl\/index.php?rest_route=\/wp\/v2\/pages"}],"about":[{"href":"http:\/\/zalesie.archidiecezja.wroc.pl\/index.php?rest_route=\/wp\/v2\/types\/page"}],"author":[{"embeddable":true,"href":"http:\/\/zalesie.archidiecezja.wroc.pl\/index.php?rest_route=\/wp\/v2\/users\/1"}],"replies":[{"embeddable":true,"href":"http:\/\/zalesie.archidiecezja.wroc.pl\/index.php?rest_route=%2Fwp%2Fv2%2Fcomments&post=1488"}],"version-history":[{"count":8,"href":"http:\/\/zalesie.archidiecezja.wroc.pl\/index.php?rest_route=\/wp\/v2\/pages\/1488\/revisions"}],"predecessor-version":[{"id":1501,"href":"http:\/\/zalesie.archidiecezja.wroc.pl\/index.php?rest_route=\/wp\/v2\/pages\/1488\/revisions\/1501"}],"wp:attachment":[{"href":"http:\/\/zalesie.archidiecezja.wroc.pl\/index.php?rest_route=%2Fwp%2Fv2%2Fmedia&parent=1488"}],"curies":[{"name":"wp","href":"https:\/\/api.w.org\/{rel}","templated":true}]}}

Pastoral de los católicos hispanohablantes

<p>Las misas en castellano se celebran el segundo y el cuarto domingo del mes (desde septiembre hasta junio) a las 16.00 h en la iglesia parroquial de Nuestra Señora de Częstochowa en la calle Kochanowskiego 11.</p>



<p>Capellán diocesano de los católicos hispanohablantes<br>padre Łukasz Pawicki<br>e-mail: <a href="mailto:lukasz.pawicki@gmail.com">lukasz.pawicki@gmail.com</a><br>tel. 71/348-27-76</p>



<p><a href="https://es.archidiecezja.wroc.pl">https://es.archidiecezja.wroc.pl</a></p>



<figure class="wp-block-gallery columns-1 is-cropped"><ul class="blocks-gallery-grid"><li class="blocks-gallery-item"><figure><img loading="lazy" width="1024" height="768" src="http://zalesie.archidiecezja.wroc.pl/wp-content/uploads/2024/09/WhatsApp-Image-2024-09-22-at-21.22.42-1024x768.jpeg" alt="" data-id="1494" data-full-url="http://zalesie.archidiecezja.wroc.pl/wp-content/uploads/2024/09/WhatsApp-Image-2024-09-22-at-21.22.42.jpeg" data-link="http://zalesie.archidiecezja.wroc.pl/?attachment_id=1494" class="wp-image-1494" srcset="http://zalesie.archidiecezja.wroc.pl/wp-content/uploads/2024/09/WhatsApp-Image-2024-09-22-at-21.22.42-1024x768.jpeg 1024w, http://zalesie.archidiecezja.wroc.pl/wp-content/uploads/2024/09/WhatsApp-Image-2024-09-22-at-21.22.42-300x225.jpeg 300w, http://zalesie.archidiecezja.wroc.pl/wp-content/uploads/2024/09/WhatsApp-Image-2024-09-22-at-21.22.42-768x576.jpeg 768w, http://zalesie.archidiecezja.wroc.pl/wp-content/uploads/2024/09/WhatsApp-Image-2024-09-22-at-21.22.42-1536x1152.jpeg 1536w, http://zalesie.archidiecezja.wroc.pl/wp-content/uploads/2024/09/WhatsApp-Image-2024-09-22-at-21.22.42.jpeg 1600w" sizes="(max-width: 1024px) 100vw, 1024px" /></figure></li></ul></figure>

<p>Las misas en castellano se celebran el segundo y el cuarto domingo del mes (desde septiembre hasta junio) a las 16.00 h en la iglesia parroquial de Nuestra Señora de Częstochowa en la calle Kochanowskiego 11. Capellán diocesano de los católicos hispanohablantespadre Łukasz Pawickie-mail: lukasz.pawicki@gmail.comtel. 71/348-27-76 https://es.archidiecezja.wroc.pl</p>
