{"id":1074,"date":"2022-06-27T09:28:51","date_gmt":"2022-06-27T07:28:51","guid":{"rendered":"http:\/\/zalesie.archidiecezja.wroc.pl\/?page_id=1074"},"modified":"2022-06-27T09:32:32","modified_gmt":"2022-06-27T07:32:32","slug":"budowa-osiedla","status":"publish","type":"page","link":"http:\/\/zalesie.archidiecezja.wroc.pl\/?page_id=1074","title":{"rendered":"Budowa osiedla"},"content":{"rendered":"\n<p>Budowa osiedla mieszkaniowego w pobli\u017cu ko\u015bcio\u0142a NMP Cz\u0119stochowskiej.<\/p>\n\n\n\n<p><em>Ca\u0142o\u015b\u0107 tekst pobrana z portalu Wroc\u0142awNaszeMiasto, link do orygina\u0142u<\/em><\/p>\n\n\n\n<p><a href=\"https:\/\/wroclaw.naszemiasto.pl\/przy-parku-szczytnickim-we-wroclawiu-stana-apartamentowce\/ar\/c9-8871131?kategoria=1\"><em>https:\/\/wroclaw.naszemiasto.pl\/przy-parku-szczytnickim-we-wroclawiu-stana-apartamentowce\/ar\/c9-8871131?kategoria=1<\/em><\/a><\/p>\n\n\n\n<p>Przy alei Kochanowskiego, niedaleko od zbiegu z alej\u0105 R\u00f3\u017cyckiego, stoi ko\u015bci\u00f3\u0142, a obok p\u0142ot. Ogrodzenie lepiej widoczne jest od strony alei R\u00f3\u017cyckiego. Za nim gruz. Sterty gruzu.<\/p>\n\n\n\n<p>W gruz obr\u00f3ci\u0142y si\u0119 budynki magazynowo-biurowe, kot\u0142ownia i stacja transformatorowa. Wisz\u0105ca na ogrodzeniu tablica wspomina o warsztacie, portierni i budynku podno\u015bnika samochodowego. Ni\u017cej widnieje nazwa inwestora \u2013 sp\u00f3\u0142ka Kumara z Warszawy, ul. Zielna. Pod tym samym adresem zarejestrowany jest du\u017cy deweloper RealCo Property Investment and Development. Prace rozpocz\u0105\u0142 w lutym.<\/p>\n\n\n\n<blockquote class=\"wp-block-quote\"><p>&#8220;Zanim do nich przyst\u0105pili\u015bmy, uzyskali\u015bmy wszystkie pozwolenia i decyzje. Mamy pozwolenie na budow\u0119 i za\u0142o\u017cony dziennik budowy. W tym momencie trwaj\u0105 prace przygotowawcze oraz porz\u0105dkowe na terenie inwestycji&#8221; &#8211; informuje Maciej Gotkiewicz,&nbsp;<a href=\"https:\/\/gdansk.naszemiasto.pl\/blednyadres\/\">cz\u0142onek zarz\u0105du<\/a>&nbsp;RealCo.<\/p><\/blockquote>\n\n\n\n<p>Na dzia\u0142ce pod adresem R\u00f3\u017cyckiego 1c powstan\u0105 budynki mieszkalne. Deweloper niby jeszcze nie wie, ile dok\u0142adnie, ale m\u00f3wi o 142 mieszkaniach, a tak\u017ce o gara\u017cu podziemnym, miejscach parkingowych na zewn\u0105trz, sali do fitnessu i si\u0142owni.<br>W urz\u0119dzie miejskim twierdz\u0105, \u017ce pozwolenie dotyczy budowy 10 budynk\u00f3w wielorodzinnych z us\u0142ugami. Pono\u0107 niedu\u017cych, \u017ceby nie przyt\u0142acza\u0142y. Stan\u0105 przecie\u017c zaraz przy ko\u015bciele i w otoczeniu zieleni.<\/p>\n\n\n\n<blockquote class=\"wp-block-quote\"><p>&#8220;Ze wzgl\u0119du na po\u0142o\u017cenie, wa\u017cny by\u0142 dla nas aspekt przyrodniczy terenu. Nad projektem pracowa\u0142 zesp\u00f3\u0142 wykwalifikowanych specjalist\u00f3w: grupa dendrolog\u00f3w, entomolog, ornitolog, a nawet chiropterolog [ekspert od nietoperzy \u2013 przyp. red.]&#8221; &#8211; m\u00f3wi Piotr Ja\u015bkowski, cz\u0142onek zarz\u0105du RealCo. &#8211; &#8220;Wykonany zosta\u0142 projekt zarz\u0105dzania drzewostanem. Na pocz\u0105tek przesadzili\u015bmy cztery drzewa. Dzi\u0119ki trwaj\u0105cym pracom pojawi\u0105 si\u0119 liczne nowe nasadzenia oraz korekta sanitarna tych drzew, kt\u00f3re zagra\u017caj\u0105 zdrowiu i mieniu&#8221;.<\/p><\/blockquote>\n\n\n\n<p>Inwestor deklaruje, \u017ce teren b\u0119dzie otwarty, bez ogrodzenia. Wybuduje alejki prowadz\u0105ce do pobliskiego parku Szczytnickiego. Zapowiada tak\u017ce posadzenie tysi\u0105ca ro\u015blin. Koniec budowy grupy budynk\u00f3w o nazwie Apartamenty przy Parku Szczytnickim zaplanowany jest na pierwszy kwarta\u0142 2025 roku.<\/p>\n\n\n\n<h2 id=\"budowa-zatrzesie-kosciolem-najswietszej-marii-panny\">Budowa zatrz\u0119sie ko\u015bcio\u0142em Naj\u015bwi\u0119tszej Marii Panny?<\/h2>\n\n\n\n<p>S\u0105siaduj\u0105cy z placem budowy ko\u015bci\u00f3\u0142 to parafia NMP Cz\u0119stochowskiej. Proboszcz, ksi\u0105dz Wojciech Zi\u0119ba, obawia si\u0119 nieco, \u017ce od prowadzonych za ogrodzeniem prac ko\u015bci\u00f3\u0142 zatrz\u0119sie si\u0119 w posadach.<\/p>\n\n\n\n<blockquote class=\"wp-block-quote\"><p>&#8220;Gdy na s\u0105siedniej posesji rusza wielka budowa, to nie jest radosny moment i wi\u0105\u017ce si\u0119 to z mn\u00f3stwem niedogodno\u015bci, takimi jak du\u017cy ha\u0142as i kurz. Jest zagro\u017cenie wyst\u0105pienia szk\u00f3d, na przyk\u0142ad p\u0119kni\u0119\u0107, ale obiektywnie nie mam nic przeciwko temu, je\u017celi wszystko jest legalne i powstaj\u0105 nowe mieszkania dla wroc\u0142awian. Ponadto musz\u0119 si\u0119 liczy\u0107 z opini\u0105 w\u0142adz Ko\u015bcio\u0142a, bo jestem tu tylko zarz\u0105dc\u0105. Podobnie jak inni s\u0105siedzi, jestem w kontakcie z prowadz\u0105cymi&nbsp;<a href=\"https:\/\/stalowawola.naszemiasto.pl\/pocisk-znaleziony-przez-robotnikow\/ar\/c8-1129035\">prace budowlane<\/a>&nbsp;&#8211; m\u00f3wi proboszcz.<\/p><\/blockquote>\n\n\n\n<p>Cz\u0142onkowie zarz\u0105du RealCo zapewniaj\u0105, \u017ce maj\u0105 \u015bwi\u0105tyni\u0119 na uwadze:<\/p>\n\n\n\n<blockquote class=\"wp-block-quote\"><p>&#8220;Budynek ko\u015bcio\u0142a i plebani zosta\u0142y obj\u0119te na nasze zlecenie ekspertyz\u0105 stanu technicznego jeszcze przed rozpocz\u0119ciem prac. \u015aci\u015ble wsp\u00f3\u0142pracujemy z naszymi bezpo\u015brednimi s\u0105siadami w tym zakresie&#8221;.<\/p><\/blockquote>\n\n\n\n<p>Proboszcz tymczasem zbiera pieni\u0105dze na remont. Chce naprawi\u0107 fundamenty i odbudowa\u0107 cok\u00f3\u0142. Na cz\u0119\u015b\u0107 prac uda\u0142o si\u0119 ju\u017c nazbiera\u0107 i je wykona\u0107. Nie oby\u0142o si\u0119 bez wsparcia parafian. Numer konta do sk\u0142adania datk\u00f3w jest wypisany na banerze przymocowanym do ogrodzenia ko\u015bcio\u0142a.<\/p>\n","protected":false},"excerpt":{"rendered":"<p>Budowa osiedla mieszkaniowego w pobli\u017cu ko\u015bcio\u0142a NMP Cz\u0119stochowskiej. Ca\u0142o\u015b\u0107 tekst pobrana z portalu Wroc\u0142awNaszeMiasto, link do orygina\u0142u https:\/\/wroclaw.naszemiasto.pl\/przy-parku-szczytnickim-we-wroclawiu-stana-apartamentowce\/ar\/c9-8871131?kategoria=1 Przy alei Kochanowskiego, niedaleko od zbiegu z alej\u0105 R\u00f3\u017cyckiego, stoi ko\u015bci\u00f3\u0142, a obok p\u0142ot. Ogrodzenie lepiej widoczne jest od strony alei R\u00f3\u017cyckiego. Za nim gruz. Sterty gruzu. W gruz obr\u00f3ci\u0142y si\u0119 budynki magazynowo-biurowe, kot\u0142ownia i stacja transformatorowa. &hellip; <a href=\"http:\/\/zalesie.archidiecezja.wroc.pl\/?page_id=1074\" class=\"more-link\">Continue reading <span class=\"screen-reader-text\">Budowa osiedla<\/span><\/a><\/p>\n","protected":false},"author":1,"featured_media":0,"parent":0,"menu_order":0,"comment_status":"closed","ping_status":"closed","template":"","meta":[],"_links":{"self":[{"href":"http:\/\/zalesie.archidiecezja.wroc.pl\/index.php?rest_route=\/wp\/v2\/pages\/1074"}],"collection":[{"href":"http:\/\/zalesie.archidiecezja.wroc.pl\/index.php?rest_route=\/wp\/v2\/pages"}],"about":[{"href":"http:\/\/zalesie.archidiecezja.wroc.pl\/index.php?rest_route=\/wp\/v2\/types\/page"}],"author":[{"embeddable":true,"href":"http:\/\/zalesie.archidiecezja.wroc.pl\/index.php?rest_route=\/wp\/v2\/users\/1"}],"replies":[{"embeddable":true,"href":"http:\/\/zalesie.archidiecezja.wroc.pl\/index.php?rest_route=%2Fwp%2Fv2%2Fcomments&post=1074"}],"version-history":[{"count":3,"href":"http:\/\/zalesie.archidiecezja.wroc.pl\/index.php?rest_route=\/wp\/v2\/pages\/1074\/revisions"}],"predecessor-version":[{"id":1080,"href":"http:\/\/zalesie.archidiecezja.wroc.pl\/index.php?rest_route=\/wp\/v2\/pages\/1074\/revisions\/1080"}],"wp:attachment":[{"href":"http:\/\/zalesie.archidiecezja.wroc.pl\/index.php?rest_route=%2Fwp%2Fv2%2Fmedia&parent=1074"}],"curies":[{"name":"wp","href":"https:\/\/api.w.org\/{rel}","templated":true}]}}

<p>Budowa osiedla mieszkaniowego w pobliżu kościoła NMP Częstochowskiej.</p>



<p><em>Całość tekst pobrana z portalu WrocławNaszeMiasto, link do oryginału</em></p>



<p><a href="https://wroclaw.naszemiasto.pl/przy-parku-szczytnickim-we-wroclawiu-stana-apartamentowce/ar/c9-8871131?kategoria=1"><em>https://wroclaw.naszemiasto.pl/przy-parku-szczytnickim-we-wroclawiu-stana-apartamentowce/ar/c9-8871131?kategoria=1</em></a></p>



<p>Przy alei Kochanowskiego, niedaleko od zbiegu z aleją Różyckiego, stoi kościół, a obok płot. Ogrodzenie lepiej widoczne jest od strony alei Różyckiego. Za nim gruz. Sterty gruzu.</p>



<p>W gruz obróciły się budynki magazynowo-biurowe, kotłownia i stacja transformatorowa. Wisząca na ogrodzeniu tablica wspomina o warsztacie, portierni i budynku podnośnika samochodowego. Niżej widnieje nazwa inwestora – spółka Kumara z Warszawy, ul. Zielna. Pod tym samym adresem zarejestrowany jest duży deweloper RealCo Property Investment and Development. Prace rozpoczął w lutym.</p>



<blockquote class="wp-block-quote"><p>&#8220;Zanim do nich przystąpiliśmy, uzyskaliśmy wszystkie pozwolenia i decyzje. Mamy pozwolenie na budowę i założony dziennik budowy. W tym momencie trwają prace przygotowawcze oraz porządkowe na terenie inwestycji&#8221; &#8211; informuje Maciej Gotkiewicz,&nbsp;<a href="https://gdansk.naszemiasto.pl/blednyadres/">członek zarządu</a>&nbsp;RealCo.</p></blockquote>



<p>Na działce pod adresem Różyckiego 1c powstaną budynki mieszkalne. Deweloper niby jeszcze nie wie, ile dokładnie, ale mówi o 142 mieszkaniach, a także o garażu podziemnym, miejscach parkingowych na zewnątrz, sali do fitnessu i siłowni.<br>W urzędzie miejskim twierdzą, że pozwolenie dotyczy budowy 10 budynków wielorodzinnych z usługami. Ponoć niedużych, żeby nie przytłaczały. Staną przecież zaraz przy kościele i w otoczeniu zieleni.</p>



<blockquote class="wp-block-quote"><p>&#8220;Ze względu na położenie, ważny był dla nas aspekt przyrodniczy terenu. Nad projektem pracował zespół wykwalifikowanych specjalistów: grupa dendrologów, entomolog, ornitolog, a nawet chiropterolog [ekspert od nietoperzy – przyp. red.]&#8221; &#8211; mówi Piotr Jaśkowski, członek zarządu RealCo. &#8211; &#8220;Wykonany został projekt zarządzania drzewostanem. Na początek przesadziliśmy cztery drzewa. Dzięki trwającym pracom pojawią się liczne nowe nasadzenia oraz korekta sanitarna tych drzew, które zagrażają zdrowiu i mieniu&#8221;.</p></blockquote>



<p>Inwestor deklaruje, że teren będzie otwarty, bez ogrodzenia. Wybuduje alejki prowadzące do pobliskiego parku Szczytnickiego. Zapowiada także posadzenie tysiąca roślin. Koniec budowy grupy budynków o nazwie Apartamenty przy Parku Szczytnickim zaplanowany jest na pierwszy kwartał 2025 roku.</p>



<h2 id="budowa-zatrzesie-kosciolem-najswietszej-marii-panny">Budowa zatrzęsie kościołem Najświętszej Marii Panny?</h2>



<p>Sąsiadujący z placem budowy kościół to parafia NMP Częstochowskiej. Proboszcz, ksiądz Wojciech Zięba, obawia się nieco, że od prowadzonych za ogrodzeniem prac kościół zatrzęsie się w posadach.</p>



<blockquote class="wp-block-quote"><p>&#8220;Gdy na sąsiedniej posesji rusza wielka budowa, to nie jest radosny moment i wiąże się to z mnóstwem niedogodności, takimi jak duży hałas i kurz. Jest zagrożenie wystąpienia szkód, na przykład pęknięć, ale obiektywnie nie mam nic przeciwko temu, jeżeli wszystko jest legalne i powstają nowe mieszkania dla wrocławian. Ponadto muszę się liczyć z opinią władz Kościoła, bo jestem tu tylko zarządcą. Podobnie jak inni sąsiedzi, jestem w kontakcie z prowadzącymi&nbsp;<a href="https://stalowawola.naszemiasto.pl/pocisk-znaleziony-przez-robotnikow/ar/c8-1129035">prace budowlane</a>&nbsp;&#8211; mówi proboszcz.</p></blockquote>



<p>Członkowie zarządu RealCo zapewniają, że mają świątynię na uwadze:</p>



<blockquote class="wp-block-quote"><p>&#8220;Budynek kościoła i plebani zostały objęte na nasze zlecenie ekspertyzą stanu technicznego jeszcze przed rozpoczęciem prac. Ściśle współpracujemy z naszymi bezpośrednimi sąsiadami w tym zakresie&#8221;.</p></blockquote>



<p>Proboszcz tymczasem zbiera pieniądze na remont. Chce naprawić fundamenty i odbudować cokół. Na część prac udało się już nazbierać i je wykonać. Nie obyło się bez wsparcia parafian. Numer konta do składania datków jest wypisany na banerze przymocowanym do ogrodzenia kościoła.</p>

<p>Budowa osiedla mieszkaniowego w pobliżu kościoła NMP Częstochowskiej. Całość tekst pobrana z portalu WrocławNaszeMiasto, link do oryginału https://wroclaw.naszemiasto.pl/przy-parku-szczytnickim-we-wroclawiu-stana-apartamentowce/ar/c9-8871131?kategoria=1 Przy alei Kochanowskiego, niedaleko od zbiegu z aleją Różyckiego, stoi kościół, a obok płot. Ogrodzenie lepiej widoczne jest od strony alei Różyckiego. Za nim gruz. Sterty gruzu. W gruz obróciły się budynki magazynowo-biurowe, kotłownia i stacja transformatorowa. &hellip; <a href="http://zalesie.archidiecezja.wroc.pl/?page_id=1074" class="more-link">Continue reading <span class="screen-reader-text">Budowa osiedla</span></a></p>
